posite number?
True
Is 2368211 a composite number?
False
Is 7899677 prime?
True
Is 80024401 a composite number?
False
Is 1375483 prime?
False
Is 6743827 prime?
False
Is 59983487 prime?
True
Is 2055367 a composite number?
False
Is 35617 a composite number?
False
Is 4229003 a prime number?
True
Is 869686387 a composite number?
False
Is 13418971 composite?
False
Is 8561969 composite?
True
Is 33882686 prime?
False
Is 291667 composite?
True
Is 143702963 prime?
False
Is 414732007 a composite number?
False
Is 287437 composite?
False
Is 2488685 a composite number?
True
Is 1996543 a composite number?
False
Is 50261663 a prime number?
True
Is 4214033 a composite number?
True
Is 399197 prime?
True
Is 10605593 a composite number?
True
Is 24908321 prime?
True
Is 2060283 composite?
True
Is 101411483 a composite number?
False
Is 1063523 composite?
False
Is 6559043 prime?
False
Is 13613911 a composite number?
False
Is 28181 prime?
True
Is 8963939 a prime number?
True
Is 13867097 a prime number?
True
Is 22497 prime?
False
Is 25857317 a prime number?
False
Is 25427861 composite?
True
Is 11542589 a composite number?
True
Is 1221937 a composite number?
False
Is 47103839 composite?
True
Is 334253 a composite number?
True
Is 722693 composite?
True
Is 83078951 prime?
True
Is 674137 a prime number?
False
Is 17041853 prime?
False
Is 193741627 prime?
False
Is 2053823 composite?
True
Is 3432799 a prime number?
True
Is 42399991 a prime number?
False
Is 2124127 a prime number?
True
Is 1207304239 a composite number?
False
Is 5422715 a composite number?
True
Is 11275907 a prime number?
False
Is 57639661 composite?
True
Is 727541 a prime number?
True
Is 201973747 a prime number?
False
Is 5955611 composite?
False
Is 512846 prime?
False
Is 3468209 a composite number?
False
Is 3969923 composite?
False
Is 157559 composite?
False
Is 2674169 a prime number?
True
Is 72395 prime?
False
Is 35928595 a composite number?
True
Is 11501029 prime?
True
Is 1651079 a composite number?
True
Is 24781417 composite?
False
Is 17905159 a composite number?
False
Is 91914827 a prime number?
True
Is 40867723 a prime number?
False
Is 775823 prime?
True
Is 147720101 prime?
False
Is 15591535 prime?
False
Is 15525833 composite?
False
Is 3346241 composite?
False
Is 9609729 composite?
True
Is 501836669 composite?
False
Is 123705151 a prime number?
False
Is 29228179 a composite number?
False
Is 22786469 a composite number?
False
Is 592839545 prime?
False
Is 11801623 prime?
True
Is 33559 prime?
False
Is 51587423 composite?
True
Is 193297009 a prime number?
False
Is 65138399 prime?
True
Is 5355143 prime?
False
Is 10073717 composite?
False
Is 2195071 prime?
True
Is 10614323 composite?
False
Is 177632467 a prime number?
True
Is 32919 composite?
True
Is 21013709 composite?
False
Is 2049077 composite?
False
Is 189026545 a composite number?
True
Is 4688799 a composite number?
True
Is 285871 a composite number?
False
Is 493709 composite?
False
Is 13728853 a prime number?
False
Is 134727 prime?
False
Is 20777863 a composite number?
True
Is 55813951 composite?
True
Is 345490591 a composite number?
False
Is 21752174 composite?
True
Is 2000081 a composite number?
False
Is 14974979 a composite number?
False
Is 187212461 prime?
False
Is 3813119 a composite number?
True
Is 1176631 prime?
True
Is 126772273 composite?
True
Is 10712102 a prime number?
False
Is 1097786 a composite number?
True
Is 315803 a prime number?
True
Is 23815471 prime?
False
Is 178384963 a prime number?
True
Is 77292793 a composite number?
False
Is 3639439 a composite number?
True
Is 1188327977 a prime number?
True
Is 64997 a prime number?
True
Is 10441727 a prime number?
True
Is 17998151 a prime number?
True
Is 58871737 a prime number?
True
Is 4258507 composite?
True
Is 1005391 a composite number?
False
Is 193283 a composite number?
False
Is 7907729 composite?
True
Is 1012566199 a composite number?
False
Is 21671791 a prime number?
True
Is 66596851 prime?
True
Is 33436621 a prime number?
True
Is 8366809 a prime number?
False
Is 336170911 composite?
False
Is 305207809 a prime number?
True
Is 78547853 a prime number?
True
Is 1917173 a prime number?
True
Is 590165 a composite number?
True
Is 628420893 prime?
False
Is 42349519 a composite number?
True
Is 165838019 prime?
False
Is 1547339 prime?
True
Is 45732949 a composite number?
False
Is 221889061 a prime number?
True
Is 2660621 prime?
True
Is 421201919 a composite number?
True
Is 32034497 composite?
True
Is 2326593 a composite number?
True
Is 305157407 composite?
False
Is 2490863 prime?
False
Is 334283 prime?
False
Is 97538333 composite?
True
Is 484019 a prime number?
True
Is 155593937 a composite number?
True
Is 51360157 prime?
True
Is 6849242 prime?
False
Is 9671377 prime?
True
Is 929767 a prime number?
False
Is 11262917 prime?
True
Is 694097 composite?
True
Is 13219049 a composite number?
True
Is 33767209 a prime number?
False
Is 105059551 prime?
False
Is 101600749 a composite number?
False
Is 56237099 prime?
True
Is 6258587 prime?
False
Is 76831571 a prime number?
False
Is 454559 composite?
True
Is 733892923 composite?
False
Is 7134683 prime?
True
Is 97656593 prime?
False
Is 14633227 a prime number?
False
Is 20109329 composite?
True
Is 613692327 a composite number?
True
Is 36455257 a prime number?
True
Is 56763659 a prime number?
False
Is 1768249 a composite number?
True
Is 19480939 a prime number?
True
Is 132418717 composite?
True
Is 2569481 prime?
True
Is 214838509 composite?
False
Is 7181371 a composite number?
False
Is 33911131 prime?
False
Is 5431709 prime?
False
Is 100843333 composite?
False
Is 546542891 composite?
True
Is 11166731 a prime number?
True
Is 570271 a prime number?
False
Is 7897387 a composite number?
False
Is 1071977 composite?
False
Is 24536801 a prime number?
True
Is 8310662 prime?
False
Is 72061393 prime?
True
Is 2517793 prime?
False
Is 90499 prime?
True
Is 1463359 prime?
True
Is 23940661 composite?
True
Is 2359897 prime?
False
Is 207455383 composite?
True
Is 5694649 a composite number?
False
Is 73456585 a composite number?
True
Is 9398489 composite?
True
Is 104579543 a prime number?
False
Is 8132329 a composite number?
False
Is 27123839 composite?
True
Is 2973767 a prime number?
True
Is 1113163 prime?
False
Is 27929647 prime?
False
Is 3148751 a prime number?
True
Is 2976397 prime?
True
Is 6781939 a composite number?
False
Is 3732391 a composite number?
True
Is 202377143 a prime number?
True
Is 7727477 composite?
False
Is 311743009 a prime number?
False
Is 667633 composite?
True
Is 64736489 prime?
True
Is 412817 composite?
True
Is 324356017 a prime number?
False
Is 7091171 a prime number?
True
Is 100477207 a prime number?
True
Is 72409105 a prime number?
False
Is 27505477 a prime number?
True
Is 78009389 a prime number?
False
Is 3241423 prime?
True
Is 792551 a composite number?
False
Is 11410271 composite?
True
Is 579876369 a prime number?
False
Is 8203073 a prime number?
True
Is 49770871 a composite number?
False
Is 3794777 a composite number?
True
Is 1373189 a composite number?
False
Is 577799 a prime number?
True
Is 61056643 a composite number?
False
Is 37907063 a prime number?
False
Is 6355043 a composite number?
True
Is 115845167 a prime number?
True
Is 374498681 a composite number?
True
Is 4159879 a composite number?
True
Is 230707409 prime?
True
Is 46105453 a prime number?
True
Is 76926389 a composite number?
True
Is 15465199 composite?
False
Is 7668237 a composite number?
True
Is 3414497 prime?
False
Is 13002071 composite?
False
Is 189223 prime?
True
Is 24854509 a composite number?
True
Is 1572947 a prime number?
False
Is 383072669 a prime number?
False
Is 3906137 prime?
True
Is 201955073 composite?
False
Is 27598267 prime?
True
Is 360648599 a prime number?
True
Is 29461351 a prime number?
True
Is 6258269 prime?
False
Is 356652011 prime?
True
Is 4685735 prime?
False
Is 1997647 a composite number?
False
Is 4969793 a prime number?
True
Is 1968079 a composite number?
False
Is 3793253 a prime number?
False
Is 43752431 composite?
False
Is 2072059 a composite number?
True
Is 17254247 prime?
False
Is 85605097 a composite number?
False
Is 6787115 a composite number?
True
Is 1511891 a prime number?
True
Is 1827139 a prime number?
True
Is 11168947 a composite number?
False